{"id":300,"date":"2019-06-28T12:57:01","date_gmt":"2019-06-28T12:57:01","guid":{"rendered":"https:\/\/themes.themeenergy.com\/bookyourtravel\/beach-resort\/tours\/"},"modified":"2022-01-25T10:40:44","modified_gmt":"2022-01-25T10:40:44","slug":"tours","status":"publish","type":"page","link":"https:\/\/kasifcocuklar.com\/index.php\/tours\/","title":{"rendered":"T\u00fcm Gezilerimiz"},"content":{"rendered":"<p>[vc_row full_width=&#8221;stretch_row&#8221; css=&#8221;.vc_custom_1561726751732{padding-top: 85px !important;padding-bottom: 120px !important;background: #fafafa url(https:\/\/themes.themeenergy.com\/bookyourtravel\/beach-resort\/wp-content\/sample_media\/sites\/28\/2019\/06\/bg-topcenter.jpg?id=53) !important;background-position: 0 0 !important;background-repeat: no-repeat !important;}&#8221; el_class=&#8221;bg-top-center&#8221;][vc_column][vc_row_inner css=&#8221;.vc_custom_1561659667492{padding-bottom: 90px !important;}&#8221;][vc_column_inner][vc_custom_heading text=&#8221;Gezilerimiz&#8221; font_container=&#8221;tag:h2|font_size:72px|text_align:left|line_height:1&#8243; use_theme_fonts=&#8221;yes&#8221; css_animation=&#8221;appear&#8221; css=&#8221;.vc_custom_1643107160856{margin-bottom: 0px !important;padding-bottom: 0px !important;}&#8221;][vc_custom_heading text=&#8221;E\u015fsiz deneyimler&#8221; font_container=&#8221;tag:h3|font_size:33px|text_align:left|color:%2300c0ae|line_height:1&#8243; google_fonts=&#8221;font_family:Yellowtail%3Aregular|font_style:400%20regular%3A400%3Anormal&#8221; css_animation=&#8221;bounceInLeft&#8221;][\/vc_column_inner][\/vc_row_inner][vc_row_inner content_placement=&#8221;middle&#8221;][vc_column_inner]<div class=\"widget widget-sidebar \"><div class=\"s-title\"><h2><\/h2><\/div><div class=\"deals\"><div class=\"row\"><article data-tour-id=\"1035\" class=\"tour_item one-third \"><div><a href=\"https:\/\/kasifcocuklar.com\/index.php\/geziler\/paris-turu\/\" target=\"_blank\"  title=\"Paris Turu\"><figure><img loading=\"lazy\" decoding=\"async\" width=\"400\" height=\"300\" src=\"https:\/\/kasifcocuklar.com\/wp-content\/uploads\/2022\/05\/PARIS-GEZISI-400x300.jpg\" class=\"attachment-thumbnail size-thumbnail wp-post-image\" alt=\"\" title=\"PAR\u0130S GEZ\u0130S\u0130\" \/><\/figure><\/a><div class=\"details hide-rating hide-address \"><div class='item-header'><h3><a href=\"https:\/\/kasifcocuklar.com\/index.php\/geziler\/paris-turu\/\" target=\"_blank\"  title=\"Paris Turu\">Paris Turu<\/a><\/h3><\/div>\t\t<div class=\"item_price\" style=\"\">\n\t\t\tFiyat:\t\t\t\t\t\t<span class=\"price\">\n\t\t\t\t<em>\n\t\t\t\t\t\t\t\t<span class=\"curr\"><\/span>\n\t\t\t\t<span class=\"amount\"><\/span>\n\t\t\t\t\t\t\t\t<\/em>\n\t\t\t<\/span>\n\t\t\t\t<\/div>\n\t\t<div class='description'><p><i class=\"material-icons\">query_builder<\/i> 4 Gece - 5 G\u00fcn<\/p>\n<p><i class=\"material-icons\">how_to_reg<\/i> Gezi Lideri<\/p>\n<p><i class=\"material-icons\">directions_run<\/i> H\u0131zl\u0131 Rezervasyon<\/p>\n<\/div><div class='actions'><a href='https:\/\/kasifcocuklar.com\/index.php\/geziler\/paris-turu\/' class='gradient-button edit-entity'  target='_blank'  data-id='1035'  title='Rezervasyon Yap'>Rezervasyon Yap<\/a><\/div><\/div><!--\/\/details--><a href=\"https:\/\/kasifcocuklar.com\/index.php\/geziler\/paris-turu\/\" class=\"overlay-link\"><\/a><\/div><\/article><!--\/\/tour_item--><article data-tour-id=\"938\" class=\"tour_item one-third \"><div><a href=\"https:\/\/kasifcocuklar.com\/index.php\/geziler\/tunus-col-safarisi-ve-su-sporlari-aile-tatili\/\" target=\"_blank\"  title=\"Tunus \u00c7ol Safarisi ve Su Sporlar\u0131 Aile Tatili\"><figure><img loading=\"lazy\" decoding=\"async\" width=\"400\" height=\"300\" src=\"https:\/\/kasifcocuklar.com\/wp-content\/uploads\/2022\/05\/JEEP-SAFARI1-400x300.jpg\" class=\"attachment-thumbnail size-thumbnail wp-post-image\" alt=\"\" title=\"JEEP SAFARI(1)\" \/><\/figure><\/a><div class=\"details hide-rating hide-address \"><div class='item-header'><h3><a href=\"https:\/\/kasifcocuklar.com\/index.php\/geziler\/tunus-col-safarisi-ve-su-sporlari-aile-tatili\/\" target=\"_blank\"  title=\"Tunus \u00c7ol Safarisi ve Su Sporlar\u0131 Aile Tatili\">Tunus \u00c7ol Safarisi ve Su Sporlar\u0131 Aile Tatili<\/a><\/h3><\/div>\t\t<div class=\"item_price\" style=\"\">\n\t\t\tFiyat:\t\t\t\t\t\t<span class=\"price\">\n\t\t\t\t<em>\n\t\t\t\t\t\t\t\t<span class=\"curr\"><\/span>\n\t\t\t\t<span class=\"amount\"><\/span>\n\t\t\t\t\t\t\t\t<\/em>\n\t\t\t<\/span>\n\t\t\t\t<\/div>\n\t\t<div class='description'><p><i class=\"material-icons\">query_builder<\/i> 5 Gece - 6 G\u00fcn<\/p>\n<p><i class=\"material-icons\">how_to_reg<\/i> Gezi Lideri<\/p>\n<p><i class=\"material-icons\">directions_run<\/i> H\u0131zl\u0131 Rezervasyon<\/p>\n<\/div><div class='actions'><a href='https:\/\/kasifcocuklar.com\/index.php\/geziler\/tunus-col-safarisi-ve-su-sporlari-aile-tatili\/' class='gradient-button edit-entity'  target='_blank'  data-id='938'  title='Rezervasyon Yap'>Rezervasyon Yap<\/a><\/div><\/div><!--\/\/details--><a href=\"https:\/\/kasifcocuklar.com\/index.php\/geziler\/tunus-col-safarisi-ve-su-sporlari-aile-tatili\/\" class=\"overlay-link\"><\/a><\/div><\/article><!--\/\/tour_item--><article data-tour-id=\"904\" class=\"tour_item one-third \"><div><a href=\"https:\/\/kasifcocuklar.com\/index.php\/geziler\/kasif-cocuklar-dogayi-kesfedelim-aile-kampi\/\" target=\"_blank\"  title=\"Bal At\u00f6lyesi ve Spor Aile Kamp\u0131 &#8211; Do\u011fay\u0131 Ke\u015ffediyoruz 1\"><figure><img loading=\"lazy\" decoding=\"async\" width=\"400\" height=\"300\" src=\"https:\/\/kasifcocuklar.com\/wp-content\/uploads\/2022\/05\/Bal-Atolyesi-ve-Spor-Aile-Kampi3-400x300.jpg\" class=\"attachment-thumbnail size-thumbnail wp-post-image\" alt=\"\" title=\"Bal At\u00f6lyesi ve Spor Aile Kamp\u0131(3)\" \/><\/figure><\/a><div class=\"details hide-rating hide-address \"><div class='item-header'><h3><a href=\"https:\/\/kasifcocuklar.com\/index.php\/geziler\/kasif-cocuklar-dogayi-kesfedelim-aile-kampi\/\" target=\"_blank\"  title=\"Bal At\u00f6lyesi ve Spor Aile Kamp\u0131 &#8211; Do\u011fay\u0131 Ke\u015ffediyoruz 1\">Bal At\u00f6lyesi ve Spor Aile Kamp\u0131 &#8211; Do\u011fay\u0131 Ke\u015ffediyoruz 1<\/a><\/h3><\/div>\t\t<div class=\"item_price\" style=\"\">\n\t\t\tFiyat:\t\t\t\t\t\t<span class=\"price\">\n\t\t\t\t<em>\n\t\t\t\t\t\t\t\t<span class=\"curr\"><\/span>\n\t\t\t\t<span class=\"amount\"><\/span>\n\t\t\t\t\t\t\t\t<\/em>\n\t\t\t<\/span>\n\t\t\t\t<\/div>\n\t\t<div class='description'><p><i class=\"material-icons\">query_builder<\/i> 3 Gece - 4 G\u00fcn<\/p>\n<p><i class=\"material-icons\">how_to_reg<\/i> Gezi Lideri<\/p>\n<p><i class=\"material-icons\">directions_run<\/i> H\u0131zl\u0131 Rezervasyon<\/p>\n<\/div><div class='actions'><a href='https:\/\/kasifcocuklar.com\/index.php\/geziler\/kasif-cocuklar-dogayi-kesfedelim-aile-kampi\/' class='gradient-button edit-entity'  target='_blank'  data-id='904'  title='Rezervasyon Yap'>Rezervasyon Yap<\/a><\/div><\/div><!--\/\/details--><a href=\"https:\/\/kasifcocuklar.com\/index.php\/geziler\/kasif-cocuklar-dogayi-kesfedelim-aile-kampi\/\" class=\"overlay-link\"><\/a><\/div><\/article><!--\/\/tour_item--><article data-tour-id=\"853\" class=\"tour_item one-third \"><div><a href=\"https:\/\/kasifcocuklar.com\/index.php\/geziler\/bafa-golu-doga-kampi\/\" target=\"_blank\"  title=\"Ka\u015fif \u00c7ocuklar \u2013 Bafa G\u00f6l\u00fc Do\u011fa Kamp\u0131\"><figure><img loading=\"lazy\" decoding=\"async\" width=\"400\" height=\"300\" src=\"https:\/\/kasifcocuklar.com\/wp-content\/uploads\/2022\/05\/BAFA-GOLU-400x300.jpg\" class=\"attachment-thumbnail size-thumbnail wp-post-image\" alt=\"\" title=\"BAFA G\u00d6L\u00dc\" \/><\/figure><\/a><div class=\"details hide-rating hide-address \"><div class='item-header'><h3><a href=\"https:\/\/kasifcocuklar.com\/index.php\/geziler\/bafa-golu-doga-kampi\/\" target=\"_blank\"  title=\"Ka\u015fif \u00c7ocuklar \u2013 Bafa G\u00f6l\u00fc Do\u011fa Kamp\u0131\">Ka\u015fif \u00c7ocuklar \u2013 Bafa G\u00f6l\u00fc Do\u011fa Kamp\u0131<\/a><\/h3><\/div>\t\t<div class=\"item_price\" style=\"\">\n\t\t\tFiyat:\t\t\t\t\t\t<span class=\"price\">\n\t\t\t\t<em>\n\t\t\t\t\t\t\t\t<span class=\"curr\"><\/span>\n\t\t\t\t<span class=\"amount\"><\/span>\n\t\t\t\t\t\t\t\t<\/em>\n\t\t\t<\/span>\n\t\t\t\t<\/div>\n\t\t<div class='description'><p><i class=\"material-icons\">query_builder<\/i> 2 Gece - 3 G\u00fcn<\/p>\n<p><i class=\"material-icons\">how_to_reg<\/i> Gezi Lideri<\/p>\n<p><i class=\"material-icons\">directions_run<\/i> H\u0131zl\u0131 Rezervasyon<\/p>\n<\/div><div class='actions'><a href='https:\/\/kasifcocuklar.com\/index.php\/geziler\/bafa-golu-doga-kampi\/' class='gradient-button edit-entity'  target='_blank'  data-id='853'  title='Rezervasyon Yap'>Rezervasyon Yap<\/a><\/div><\/div><!--\/\/details--><a href=\"https:\/\/kasifcocuklar.com\/index.php\/geziler\/bafa-golu-doga-kampi\/\" class=\"overlay-link\"><\/a><\/div><\/article><!--\/\/tour_item--><article data-tour-id=\"757\" class=\"tour_item one-third \"><div><a href=\"https:\/\/kasifcocuklar.com\/index.php\/geziler\/milas-uyku-vadisi-kampi\/\" target=\"_blank\"  title=\"Milas Uyku Vadisi Kamp\u0131\"><figure><img loading=\"lazy\" decoding=\"async\" width=\"400\" height=\"300\" src=\"https:\/\/kasifcocuklar.com\/wp-content\/uploads\/2022\/05\/MILAS-\u2013-UYKU-VADISI-KAMPI-400x300.jpg\" class=\"attachment-thumbnail size-thumbnail wp-post-image\" alt=\"\" title=\"M\u0130LAS \u2013 UYKU VAD\u0130S\u0130 KAMPI\" \/><\/figure><\/a><div class=\"details hide-rating hide-address \"><div class='item-header'><h3><a href=\"https:\/\/kasifcocuklar.com\/index.php\/geziler\/milas-uyku-vadisi-kampi\/\" target=\"_blank\"  title=\"Milas Uyku Vadisi Kamp\u0131\">Milas Uyku Vadisi Kamp\u0131<\/a><\/h3><\/div>\t\t<div class=\"item_price\" style=\"\">\n\t\t\tFiyat:\t\t\t\t\t\t<span class=\"price\">\n\t\t\t\t<em>\n\t\t\t\t\t\t\t\t<span class=\"curr\"><\/span>\n\t\t\t\t<span class=\"amount\"><\/span>\n\t\t\t\t\t\t\t\t<\/em>\n\t\t\t<\/span>\n\t\t\t\t<\/div>\n\t\t<div class='description'><p><i class=\"material-icons\">query_builder<\/i> 2 Gece - 3 G\u00fcn<\/p>\n<p><i class=\"material-icons\">how_to_reg<\/i> Gezi Lideri<\/p>\n<p><i class=\"material-icons\">directions_run<\/i> H\u0131zl\u0131 Rezervasyon<\/p>\n<\/div><div class='actions'><a href='https:\/\/kasifcocuklar.com\/index.php\/geziler\/milas-uyku-vadisi-kampi\/' class='gradient-button edit-entity'  target='_blank'  data-id='757'  title='Rezervasyon Yap'>Rezervasyon Yap<\/a><\/div><\/div><!--\/\/details--><a href=\"https:\/\/kasifcocuklar.com\/index.php\/geziler\/milas-uyku-vadisi-kampi\/\" class=\"overlay-link\"><\/a><\/div><\/article><!--\/\/tour_item--><article data-tour-id=\"669\" class=\"tour_item one-third \"><div><a href=\"https:\/\/kasifcocuklar.com\/index.php\/geziler\/bayramda-kasif-cocuklar\/\" target=\"_blank\"  title=\"Bayramda Dat\u00e7a Kamp\u0131\"><figure><img loading=\"lazy\" decoding=\"async\" width=\"400\" height=\"300\" src=\"https:\/\/kasifcocuklar.com\/wp-content\/uploads\/2022\/04\/24-400x300.png\" class=\"attachment-thumbnail size-thumbnail wp-post-image\" alt=\"\" title=\"2(4)\" \/><\/figure><\/a><div class=\"details hide-rating hide-address \"><div class='item-header'><h3><a href=\"https:\/\/kasifcocuklar.com\/index.php\/geziler\/bayramda-kasif-cocuklar\/\" target=\"_blank\"  title=\"Bayramda Dat\u00e7a Kamp\u0131\">Bayramda Dat\u00e7a Kamp\u0131<\/a><\/h3><\/div>\t\t<div class=\"item_price\" style=\"\">\n\t\t\tFiyat:\t\t\t\t\t\t<span class=\"price\">\n\t\t\t\t<em>\n\t\t\t\t\t\t\t\t<span class=\"curr\"><\/span>\n\t\t\t\t<span class=\"amount\"><\/span>\n\t\t\t\t\t\t\t\t<\/em>\n\t\t\t<\/span>\n\t\t\t\t<\/div>\n\t\t<div class='description'><p><i class=\"material-icons\">query_builder<\/i> 4 Gece - 5 G\u00fcn<\/p>\n<p><i class=\"material-icons\">how_to_reg<\/i> Gezi Lideri<\/p>\n<p><i class=\"material-icons\">directions_run<\/i> H\u0131zl\u0131 Rezervasyon<\/p>\n<\/div><div class='actions'><a href='https:\/\/kasifcocuklar.com\/index.php\/geziler\/bayramda-kasif-cocuklar\/' class='gradient-button edit-entity'  target='_blank'  data-id='669'  title='Rezervasyon Yap'>Rezervasyon Yap<\/a><\/div><\/div><!--\/\/details--><a href=\"https:\/\/kasifcocuklar.com\/index.php\/geziler\/bayramda-kasif-cocuklar\/\" class=\"overlay-link\"><\/a><\/div><\/article><!--\/\/tour_item--><article data-tour-id=\"123\" class=\"tour_item one-third \"><div><a href=\"https:\/\/kasifcocuklar.com\/index.php\/geziler\/nisan-masukiye-bahar-kampi\/\" target=\"_blank\"  title=\"Ma\u015fukiye Bahar Kamp\u0131\"><figure><img loading=\"lazy\" decoding=\"async\" width=\"400\" height=\"300\" src=\"https:\/\/kasifcocuklar.com\/wp-content\/uploads\/2022\/03\/nisan-masukiye-kampi-400x300.png\" class=\"attachment-thumbnail size-thumbnail wp-post-image\" alt=\"\" title=\"nisan ma\u015fukiye kamp\u0131\" \/><\/figure><\/a><div class=\"details hide-rating hide-address \"><div class='item-header'><h3><a href=\"https:\/\/kasifcocuklar.com\/index.php\/geziler\/nisan-masukiye-bahar-kampi\/\" target=\"_blank\"  title=\"Ma\u015fukiye Bahar Kamp\u0131\">Ma\u015fukiye Bahar Kamp\u0131<\/a><\/h3><\/div>\t\t<div class=\"item_price\" style=\"\">\n\t\t\tFiyat:\t\t\t\t\t\t<span class=\"price\">\n\t\t\t\t<em>\n\t\t\t\t\t\t\t\t<span class=\"curr\"><\/span>\n\t\t\t\t<span class=\"amount\"><\/span>\n\t\t\t\t\t\t\t\t<\/em>\n\t\t\t<\/span>\n\t\t\t\t<\/div>\n\t\t<div class='description'><p><i class=\"material-icons\">query_builder<\/i> 2 Gece - 3 G\u00fcn<\/p>\n<p><i class=\"material-icons\">how_to_reg<\/i> Gezi Lideri<\/p>\n<p><i class=\"material-icons\">directions_run <\/i>H\u0131zl\u0131 Rezervasyon<i class=\"material-icons\"><br \/>\n<\/i><\/p>\n<\/div><div class='actions'><a href='https:\/\/kasifcocuklar.com\/index.php\/geziler\/nisan-masukiye-bahar-kampi\/' class='gradient-button edit-entity'  target='_blank'  data-id='123'  title='Rezervasyon Yap'>Rezervasyon Yap<\/a><\/div><\/div><!--\/\/details--><a href=\"https:\/\/kasifcocuklar.com\/index.php\/geziler\/nisan-masukiye-bahar-kampi\/\" class=\"overlay-link\"><\/a><\/div><\/article><!--\/\/tour_item--><\/div><!--row--><\/div><!--deals--><\/div>[\/vc_column_inner][\/vc_row_inner][\/vc_column][\/vc_row]<\/p>\n","protected":false},"excerpt":{"rendered":"<p>[vc_row full_width=&#8221;stretch_row&#8221; css=&#8221;.vc_custom_1561726751732{padding-top: 85px !important;padding-bottom: 120px !important;background: #fafafa url(https:\/\/themes.themeenergy.com\/bookyourtravel\/beach-resort\/wp-content\/sample_media\/sites\/28\/2019\/06\/bg-topcenter.jpg?id=53) !important;background-position: 0 0 !important;background-repeat: no-repeat !important;}&#8221; el_class=&#8221;bg-top-center&#8221;][vc_column][vc_row_inner css=&#8221;.vc_custom_1561659667492{padding-bottom: 90px !important;}&#8221;][vc_column_inner][vc_custom_heading text=&#8221;Gezilerimiz&#8221; font_container=&#8221;tag:h2|font_size:72px|text_align:left|line_height:1&#8243; use_theme_fonts=&#8221;yes&#8221; css_animation=&#8221;appear&#8221; css=&#8221;.vc_custom_1643107160856{margin-bottom: 0px !important;padding-bottom: 0px !important;}&#8221;][vc_custom_heading text=&#8221;E\u015fsiz deneyimler&#8221; font_container=&#8221;tag:h3|font_size:33px|text_align:left|color:%2300c0ae|line_height:1&#8243; google_fonts=&#8221;font_family:Yellowtail%3Aregular|font_style:400%20regular%3A400%3Anormal&#8221; css_animation=&#8221;bounceInLeft&#8221;][\/vc_column_inner][\/vc_row_inner][vc_row_inner content_placement=&#8221;middle&#8221;][vc_column_inner][\/vc_column_inner][\/vc_row_inner][\/vc_column][\/vc_row]<\/p>\n","protected":false},"author":1,"featured_media":0,"parent":0,"menu_order":0,"comment_status":"closed","ping_status":"closed","template":"page-blank.php","meta":{"_mi_skip_tracking":false,"footnotes":""},"class_list":["post-300","page","type-page","status-publish","hentry"],"acf":[],"_links":{"self":[{"href":"https:\/\/kasifcocuklar.com\/index.php\/wp-json\/wp\/v2\/pages\/300","targetHints":{"allow":["GET"]}}],"collection":[{"href":"https:\/\/kasifcocuklar.com\/index.php\/wp-json\/wp\/v2\/pages"}],"about":[{"href":"https:\/\/kasifcocuklar.com\/index.php\/wp-json\/wp\/v2\/types\/page"}],"author":[{"embeddable":true,"href":"https:\/\/kasifcocuklar.com\/index.php\/wp-json\/wp\/v2\/users\/1"}],"replies":[{"embeddable":true,"href":"https:\/\/kasifcocuklar.com\/index.php\/wp-json\/wp\/v2\/comments?post=300"}],"version-history":[{"count":5,"href":"https:\/\/kasifcocuklar.com\/index.php\/wp-json\/wp\/v2\/pages\/300\/revisions"}],"predecessor-version":[{"id":476,"href":"https:\/\/kasifcocuklar.com\/index.php\/wp-json\/wp\/v2\/pages\/300\/revisions\/476"}],"wp:attachment":[{"href":"https:\/\/kasifcocuklar.com\/index.php\/wp-json\/wp\/v2\/media?parent=300"}],"curies":[{"name":"wp","href":"https:\/\/api.w.org\/{rel}","templated":true}]}}